{"id":5574,"date":"2016-12-03T15:44:41","date_gmt":"2016-12-03T15:44:41","guid":{"rendered":"https:\/\/demo.wpzoom.com\/inspiro\/?page_id=5574"},"modified":"2026-02-08T23:03:15","modified_gmt":"2026-02-08T23:03:15","slug":"services","status":"publish","type":"page","link":"https:\/\/miorakle.com\/index.php\/services\/","title":{"rendered":"Oracolo"},"content":{"rendered":"\n<div class=\"wp-block-cover alignfull is-light\"><img loading=\"lazy\" decoding=\"async\" width=\"960\" height=\"1280\" class=\"wp-block-cover__image-background wp-image-7045 size-full\" alt=\"\" src=\"https:\/\/miorakle.com\/wp-content\/uploads\/2025\/08\/5836677787681933217.jpg\" style=\"object-position:75% 0%\" data-object-fit=\"cover\" data-object-position=\"75% 0%\" srcset=\"https:\/\/miorakle.com\/wp-content\/uploads\/2025\/08\/5836677787681933217.jpg 960w, https:\/\/miorakle.com\/wp-content\/uploads\/2025\/08\/5836677787681933217-225x300.jpg 225w, https:\/\/miorakle.com\/wp-content\/uploads\/2025\/08\/5836677787681933217-768x1024.jpg 768w\" sizes=\"auto, (max-width: 960px) 100vw, 960px\" \/><span aria-hidden=\"true\" class=\"wp-block-cover__background has-background-dim\" style=\"background-color:#8e8a84\"><\/span><div class=\"wp-block-cover__inner-container is-layout-flow wp-block-cover-is-layout-flow\">\n<p class=\"has-text-align-center has-large-font-size\"><\/p>\n<\/div><\/div>\n\n\n\n<div style=\"height:52px\" aria-hidden=\"true\" class=\"wp-block-spacer\"><\/div>\n\n\n\n<h2 class=\"wp-block-heading has-text-align-center has-secondary-color has-text-color has-link-color has-large-font-size wp-elements-9720a87b749cda7e4df65255f0457545\">Esperienza individuale <\/h2>\n\n\n\n<h2 class=\"wp-block-heading has-text-align-center has-x-large-font-size\"><strong>Lettura <\/strong>domanda singola<\/h2>\n\n\n\n<div class=\"wp-block-group has-global-padding is-layout-constrained wp-block-group-is-layout-constrained\">\n<p>Cos&#8217;\u00e8 l&#8217;Oracolo<\/p>\n\n\n\n<p class=\"has-text-align-left\">L\u2019oracolo che utilizzo \u00e8 un <strong>strumento unico e personale<\/strong>, nato dall\u2019incontro tra simboli, energie e intuizioni. Ogni elemento porta con s\u00e9 un significato profondo, capace di dialogare con la tua energia e con ci\u00f2 che stai vivendo.<\/p>\n\n\n\n<p>Il <strong>sacchetto-oracolo<\/strong> che utilizzo \u00e8 una <strong>creazione personale<\/strong>: frutto della mia esperienza e della mia ricerca, un piccolo strumento unico. Nasce dall\u2019incontro tra Rune, archetipi planetari e le energie che ho raccolto e canalizzato personalmente. Ogni estrazione \u00e8 quindi un momento davvero speciale, unico per chi la riceve.<\/p>\n\n\n\n<p>\u00c8 composto da tre elementi principali: <strong>gli archetipi planetari<\/strong>, <strong>le Rune<\/strong> e il <strong>sacchetto-oracolo<\/strong>, che insieme creano un flusso sorprendente.<\/p>\n\n\n\n<ul class=\"wp-block-list\">\n<li><strong>Gli archetipi planetari<\/strong> rappresentano le energie dei pianeti e le qualit\u00e0 che portano nella nostra vita: forza, intuizione, trasformazione, amore, chiarezza. Ogni pianeta ha la sua \u201cvoce\u201d e, attraverso l\u2019oracolo, queste voci si intrecciano per offrirti consigli, indicazioni e punti di riflessione. Anche senza conoscere l\u2019astrologia, sentirai il loro messaggio arrivare chiaro, come un sussurro che guida il tuo percorso.<\/li>\n\n\n\n<li><strong>Le Rune<\/strong> sono simboli antichi nordici, portatori di saggezza e messaggi profondi. Non sono solo lettere o figure, ma veri e proprie frequenze che parlano direttamente all\u2019anima, rivelando ci\u00f2 che a volte resta nascosto alla mente razionale. In combinazione con gli archetipi planetari, le Rune creano un dialogo illuminante.<\/li>\n\n\n\n<li><strong>Il sacchetto-oracolo<\/strong> \u00e8 la mia piccola \u201ccapsula\u201d di energia: racchiude archetipi e Rune, mantenendo il loro equilibrio e permettendo di estrarre messaggi che parlano direttamente a te, al momento presente. Ogni estrazione \u00e8 unica, perch\u00e9 l\u2019oracolo risponde alla tua domanda, alla tua energia e alla situazione che stai vivendo.<\/li>\n<\/ul>\n\n\n\n<p>Quando utilizzo l\u2019oracolo, la tua domanda incontra queste energie in un dialogo diretto. Gli elementi si combinano tra loro e creano risposte che possono portare <strong>chiarezza, intuizione, guida o conferma<\/strong>. Non importa se non conosci Rune o astrologia: il messaggio arriva chiaro, semplice e potente, pronto per essere accolto.<\/p>\n\n\n\n<p>Ogni estrazione \u00e8 un momento di ascolto, riflessione e connessione con energie pi\u00f9 ampie e ad aprire uno spazio di consapevolezza.<\/p>\n\n\n\n<p><br>A volte c\u2019\u00e8 solo una domanda, qualcosa che senti dentro e a cui non riesci a dare un senso fino in fondo.<\/p>\n\n\n\n<p>Puoi scrivermi una domanda specifica su una situazione che stai vivendo, una relazione, una scelta, un momento di confusione o qualcosa che senti ma non riesci a mettere a fuoco.<\/p>\n\n\n\n<p>La risposta non \u00e8 una previsione n\u00e9 una formula pronta.<br>\u00c8 una lettura che nasce dall\u2019ascolto: dei simboli, delle energie in movimento, di ci\u00f2 che emerge tra le parole e sotto le parole.<\/p>\n\n\n\n<p>Lavoro attraverso il mio sentire, la lettura simbolica della realt\u00e0, l\u2019astrologia quando \u00e8 necessario, e ci\u00f2 che arriva in quel momento.<\/p>\n\n\n\n<p>La risposta viene inviata in<strong> forma di vocale oppure di messaggio scritto<\/strong>, in modo che tu possa riascoltarla o rileggerla con calma.<\/p>\n\n\n\n<p>Questa non \u00e8 una risposta veloce da consultare e dimenticare.<br>\u00c8 qualcosa da lasciare lavorare dentro.<\/p>\n<\/div>\n\n\n\n<div class=\"wp-block-group has-global-padding is-layout-constrained wp-block-group-is-layout-constrained\">\n<div class=\"wp-block-buttons is-layout-flex wp-block-buttons-is-layout-flex\">\n<div class=\"wp-block-button\"><a class=\"wp-block-button__link wp-element-button\" href=\"https:\/\/miorakle.com\/index.php\/contact\/\">Contattami per saperne di pi\u00f9<\/a><\/div>\n<\/div>\n<\/div>\n\n\n\n<div class=\"wp-block-group has-global-padding is-layout-constrained wp-block-group-is-layout-constrained\">\n<pre class=\"wp-block-verse has-text-align-center has-medium-font-size\"><br><br><\/pre>\n<\/div>\n\n\n  \n  \n  <div class=\"\n    mailpoet_form_popup_overlay\n      \"><\/div>\n  <div\n    id=\"mailpoet_form_2\"\n    class=\"\n      mailpoet_form\n      mailpoet_form_html\n      mailpoet_form_position_\n      mailpoet_form_animation_\n    \"\n      >\n\n    <style type=\"text\/css\">\n     #mailpoet_form_2 .mailpoet_form {  }\n#mailpoet_form_2 form { margin-bottom: 0; }\n#mailpoet_form_2 .mailpoet_column_with_background { padding: 0px; }\n#mailpoet_form_2 .wp-block-column:not(:first-child), #mailpoet_form_2 .mailpoet_form_column:not(:first-child) { padding: 0 20px; }\n#mailpoet_form_2 .mailpoet_form_column:not(:first-child) { margin-left: 0; }\n#mailpoet_form_2 h2.mailpoet-heading { margin: 0 0 20px 0; }\n#mailpoet_form_2 .mailpoet_paragraph { line-height: 20px; margin-bottom: 20px; }\n#mailpoet_form_2 .mailpoet_segment_label, #mailpoet_form_2 .mailpoet_text_label, #mailpoet_form_2 .mailpoet_textarea_label, #mailpoet_form_2 .mailpoet_select_label, #mailpoet_form_2 .mailpoet_radio_label, #mailpoet_form_2 .mailpoet_checkbox_label, #mailpoet_form_2 .mailpoet_list_label, #mailpoet_form_2 .mailpoet_date_label { display: block; font-weight: normal; }\n#mailpoet_form_2 .mailpoet_text, #mailpoet_form_2 .mailpoet_textarea, #mailpoet_form_2 .mailpoet_select, #mailpoet_form_2 .mailpoet_date_month, #mailpoet_form_2 .mailpoet_date_day, #mailpoet_form_2 .mailpoet_date_year, #mailpoet_form_2 .mailpoet_date { display: block; }\n#mailpoet_form_2 .mailpoet_text, #mailpoet_form_2 .mailpoet_textarea { width: 200px; }\n#mailpoet_form_2 .mailpoet_checkbox {  }\n#mailpoet_form_2 .mailpoet_submit {  }\n#mailpoet_form_2 .mailpoet_divider {  }\n#mailpoet_form_2 .mailpoet_message {  }\n#mailpoet_form_2 .mailpoet_form_loading { width: 30px; text-align: center; line-height: normal; }\n#mailpoet_form_2 .mailpoet_form_loading > span { width: 5px; height: 5px; background-color: #5b5b5b; }#mailpoet_form_2{border-radius: 4px;background: #ffffff;color: #1e1e1e;text-align: left;}#mailpoet_form_2 form.mailpoet_form {padding: 0px;}#mailpoet_form_2{width: 100%;}#mailpoet_form_2 .mailpoet_message {margin: 0; padding: 0 20px;}\n        #mailpoet_form_2 .mailpoet_validate_success {color: #00d084}\n        #mailpoet_form_2 input.parsley-success {color: #00d084}\n        #mailpoet_form_2 select.parsley-success {color: #00d084}\n        #mailpoet_form_2 textarea.parsley-success {color: #00d084}\n      \n        #mailpoet_form_2 .mailpoet_validate_error {color: #cf2e2e}\n        #mailpoet_form_2 input.parsley-error {color: #cf2e2e}\n        #mailpoet_form_2 select.parsley-error {color: #cf2e2e}\n        #mailpoet_form_2 textarea.textarea.parsley-error {color: #cf2e2e}\n        #mailpoet_form_2 .parsley-errors-list {color: #cf2e2e}\n        #mailpoet_form_2 .parsley-required {color: #cf2e2e}\n        #mailpoet_form_2 .parsley-custom-error-message {color: #cf2e2e}\n      #mailpoet_form_2 .mailpoet_paragraph.last {margin-bottom: 0} @media (max-width: 500px) {#mailpoet_form_2 {background: #ffffff;}} @media (min-width: 500px) {#mailpoet_form_2 .last .mailpoet_paragraph:last-child {margin-bottom: 0}}  @media (max-width: 500px) {#mailpoet_form_2 .mailpoet_form_column:last-child .mailpoet_paragraph:last-child {margin-bottom: 0}} \n    <\/style>\n\n    <form\n      target=\"_self\"\n      method=\"post\"\n      action=\"https:\/\/miorakle.com\/wp-admin\/admin-post.php?action=mailpoet_subscription_form\"\n      class=\"mailpoet_form mailpoet_form_form mailpoet_form_html\"\n      novalidate\n      data-delay=\"\"\n      data-exit-intent-enabled=\"\"\n      data-trigger-mode=\"\"\n      data-click-trigger-selector=\"\"\n      data-font-family=\"\"\n      data-cookie-expiration-time=\"\"\n    >\n      <input type=\"hidden\" name=\"data[form_id]\" value=\"2\" \/>\n      <input type=\"hidden\" name=\"token\" value=\"8f2659064e\" \/>\n      <input type=\"hidden\" name=\"api_version\" value=\"v1\" \/>\n      <input type=\"hidden\" name=\"endpoint\" value=\"subscribers\" \/>\n      <input type=\"hidden\" name=\"mailpoet_method\" value=\"subscribe\" \/>\n\n      <label class=\"mailpoet_hp_email_label\" style=\"display: none !important;\">Lascia questo campo vuoto<input type=\"email\" name=\"data[email]\"\/><\/label><div class='mailpoet_form_columns_container'><div class=\"mailpoet_form_columns mailpoet_paragraph mailpoet_stack_on_mobile\"><div class=\"mailpoet_form_column\" style=\"flex-basis:25%;\"><div class=\"mailpoet_form_image is-style-default\"><figure class=\"size-large\"><img decoding=\"async\" src=\"https:\/\/miorakle.com\/wp-content\/uploads\/2025\/08\/5836677787681933209-2-1024x1024.jpg\" alt class=\"wp-image-7049\" srcset=\"https:\/\/miorakle.com\/wp-content\/uploads\/2025\/08\/5836677787681933209-2-1024x1024.jpg 1024w, https:\/\/miorakle.com\/wp-content\/uploads\/2025\/08\/5836677787681933209-2-300x300.jpg 300w, https:\/\/miorakle.com\/wp-content\/uploads\/2025\/08\/5836677787681933209-2-150x150.jpg 150w, https:\/\/miorakle.com\/wp-content\/uploads\/2025\/08\/5836677787681933209-2.jpg 1080w\" width=99 height=0 style=\"width: 99px;height: 0px\"><\/figure><\/div>\n<\/div>\n<div class=\"mailpoet_form_column\" style=\"flex-basis:75%;\"><div class='mailpoet_spacer' style='height: 10px;'><\/div>\n<h2 class=\"mailpoet-heading  mailpoet-has-font-size\" style=\"text-align: center; font-size: 30px\"><span style=\"font-family: Nothing You Could Do\" data-font=\"Nothing You Could Do\" class=\"mailpoet-has-font\"><strong>Seguimi<\/strong><\/span>.<\/h2>\n<p class=\"mailpoet_form_paragraph  mailpoet-has-font-size\" style=\"text-align: center; font-size: 16px\"><span style=\"font-family: Karla\" data-font=\"Karla\" class=\"mailpoet-has-font\">Iscriviti alla newsletter per ricevere<\/span> gli articoli, le nuove creazioni e i prossimi eventi<\/p>\n<div class=\"mailpoet_paragraph \"><input type=\"text\" autocomplete=\"given-name\" class=\"mailpoet_text\" id=\"form_first_name_2\" name=\"data[form_field_OTY3ODUwODVhYTUzX2ZpcnN0X25hbWU=]\" title=\"Nome\" value=\"\" style=\"width:100%;box-sizing:border-box;padding:10px;margin: 0 auto 0 0;font-family:&#039;Karla&#039;;font-size:15px;line-height:1.5;height:auto;\" data-automation-id=\"form_first_name\"  placeholder=\"Nome\" aria-label=\"Nome\" data-parsley-errors-container=\".mailpoet_error_109y5\" data-parsley-names='[&quot;Specifica un nome valido.&quot;,&quot;Gli indirizzi nei nomi non sono ammessi: per favore, aggiungi il tuo nome.&quot;]'\/><span class=\"mailpoet_error_109y5\"><\/span><\/div>\n<div class=\"mailpoet_paragraph \"><input type=\"email\" autocomplete=\"email\" class=\"mailpoet_text\" id=\"form_email_2\" name=\"data[form_field_ZDMwMjE1NDQ2MmE0X2VtYWls]\" title=\"Indirizzo email\" value=\"\" style=\"width:100%;box-sizing:border-box;background-color:#faf6f1;border-style:solid;border-radius:5px !important;border-width:0px;border-color:#313131;padding:10px;margin: 0 auto 0 0;font-family:&#039;Karla&#039;;font-size:15px;line-height:1.5;height:auto;\" data-automation-id=\"form_email\"  placeholder=\"Indirizzo email *\" aria-label=\"Indirizzo email *\" data-parsley-errors-container=\".mailpoet_error_6m29o\" data-parsley-required=\"true\" required aria-required=\"true\" data-parsley-minlength=\"6\" data-parsley-maxlength=\"150\" data-parsley-type-message=\"Questo valore dovrebbe essere un indirizzo email valido.\" data-parsley-required-message=\"Questo campo \u00e8 obbligatorio.\"\/><span class=\"mailpoet_error_6m29o\"><\/span><\/div>\n<div class=\"mailpoet_recaptcha\" data-sitekey=\"6LfVmasrAAAAAPpv1Ud_gRCCKJ-3jikkYxlmbPTi\" >\n      <div class=\"mailpoet_recaptcha_container\"><\/div>\n      <noscript>\n        <div>\n          <div class=\"mailpoet_recaptcha_noscript_container\">\n            <div>\n              <iframe src=\"https:\/\/www.google.com\/recaptcha\/api\/fallback?k=6LfVmasrAAAAAPpv1Ud_gRCCKJ-3jikkYxlmbPTi\" frameborder=\"0\" scrolling=\"no\">\n              <\/iframe>\n            <\/div>\n          <\/div>\n          <div class=\"mailpoet_recaptcha_noscript_input\">\n            <textarea id=\"g-recaptcha-response\" name=\"data[recaptcha]\" class=\"g-recaptcha-response\">\n            <\/textarea>\n          <\/div>\n        <\/div>\n      <\/noscript>\n      <input class=\"mailpoet_recaptcha_field\" type=\"hidden\" name=\"recaptchaWidgetId\">\n    <\/div><div class=\"parsley-errors-list parsley-required mailpoet_error_recaptcha\">Questo campo \u00e8 obbligatorio.<\/div><div class=\"mailpoet_paragraph \"><input type=\"submit\" class=\"mailpoet_submit\" value=\"FACCIAMOLO!\" data-automation-id=\"subscribe-submit-button\" data-font-family='Karla' style=\"width:100%;box-sizing:border-box;background-color:#edd4b5;border-style:solid;border-radius:5px !important;border-width:0px;padding:10px;margin: 0 auto 0 0;font-family:&#039;Karla&#039;;font-size:15px;line-height:1.5;height:auto;color:#ffffff;border-color:transparent;font-weight:bold;\" \/><span class=\"mailpoet_form_loading\"><span class=\"mailpoet_bounce1\"><\/span><span class=\"mailpoet_bounce2\"><\/span><span class=\"mailpoet_bounce3\"><\/span><\/span><\/div>\n<p class=\"mailpoet_form_paragraph  mailpoet-has-font-size\" style=\"text-align: center; color: #1e1e1e; font-size: 13px\"><span style=\"font-family: Karla\" data-font=\"Karla\" class=\"mailpoet-has-font\">Non inviamo spam! Leggi la nostra <a target=\"_blank\" href=\"https:\/\/miorakle.com\/index.php\/privacy-policy\/\">Informativa sulla privacy<\/a> per avere maggiori informazioni.<\/span><\/p>\n<\/div>\n<\/div><\/div>\n\n      <div class=\"mailpoet_message\">\n        <p class=\"mailpoet_validate_success\"\n                style=\"display:none;\"\n                >Controlla la tua casella di posta o la cartella spam per confermare la tua iscrizione\n        <\/p>\n        <p class=\"mailpoet_validate_error\"\n                style=\"display:none;\"\n                >        <\/p>\n      <\/div>\n    <\/form>\n\n      <\/div>\n\n  \n\n\n<div style=\"height:0px\" aria-hidden=\"true\" class=\"wp-block-spacer\"><\/div>\n\n\n\n<p><\/p>\n","protected":false},"excerpt":{"rendered":"<p>Esperienza individuale Lettura domanda singola Cos&#8217;\u00e8 l&#8217;Oracolo L\u2019oracolo che utilizzo \u00e8 un strumento unico e personale, nato dall\u2019incontro tra simboli, energie e intuizioni. Ogni elemento porta con s\u00e9 un significato profondo, capace di dialogare con la tua energia e con ci\u00f2 che stai vivendo. Il sacchetto-oracolo che utilizzo \u00e8 una creazione personale: frutto della mia &hellip; <\/p>\n<p class=\"link-more\"><a href=\"https:\/\/miorakle.com\/index.php\/services\/\" class=\"more-link\">Leggi tutto<span class=\"screen-reader-text\"> &#8220;Oracolo&#8221;<\/span><\/a><\/p>\n","protected":false},"author":1,"featured_media":0,"parent":0,"menu_order":0,"comment_status":"closed","ping_status":"closed","template":"page-templates\/full-width-transparent.php","meta":{"footnotes":""},"class_list":["post-5574","page","type-page","status-publish","hentry"],"yoast_head":"<!-- This site is optimized with the Yoast SEO plugin v27.6 - https:\/\/yoast.com\/product\/yoast-seo-wordpress\/ -->\n<title>Oracolo - miOrakle<\/title>\n<meta name=\"robots\" content=\"index, follow, max-snippet:-1, max-image-preview:large, max-video-preview:-1\" \/>\n<link rel=\"canonical\" href=\"https:\/\/miorakle.com\/index.php\/services\/\" \/>\n<meta property=\"og:locale\" content=\"it_IT\" \/>\n<meta property=\"og:type\" content=\"article\" \/>\n<meta property=\"og:title\" content=\"Oracolo - miOrakle\" \/>\n<meta property=\"og:description\" content=\"Esperienza individuale Lettura domanda singola Cos&#8217;\u00e8 l&#8217;Oracolo L\u2019oracolo che utilizzo \u00e8 un strumento unico e personale, nato dall\u2019incontro tra simboli, energie e intuizioni. Ogni elemento porta con s\u00e9 un significato profondo, capace di dialogare con la tua energia e con ci\u00f2 che stai vivendo. Il sacchetto-oracolo che utilizzo \u00e8 una creazione personale: frutto della mia &hellip; Leggi tutto &quot;Oracolo&quot;\" \/>\n<meta property=\"og:url\" content=\"https:\/\/miorakle.com\/index.php\/services\/\" \/>\n<meta property=\"og:site_name\" content=\"miOrakle\" \/>\n<meta property=\"article:modified_time\" content=\"2026-02-08T23:03:15+00:00\" \/>\n<meta property=\"og:image\" content=\"https:\/\/miorakle.com\/wp-content\/uploads\/2025\/08\/5836677787681933217.jpg\" \/>\n\t<meta property=\"og:image:width\" content=\"960\" \/>\n\t<meta property=\"og:image:height\" content=\"1280\" \/>\n\t<meta property=\"og:image:type\" content=\"image\/jpeg\" \/>\n<meta name=\"twitter:card\" content=\"summary_large_image\" \/>\n<meta name=\"twitter:label1\" content=\"Tempo di lettura stimato\" \/>\n\t<meta name=\"twitter:data1\" content=\"3 minuti\" \/>\n<script type=\"application\/ld+json\" class=\"yoast-schema-graph\">{\"@context\":\"https:\\\/\\\/schema.org\",\"@graph\":[{\"@type\":\"WebPage\",\"@id\":\"https:\\\/\\\/miorakle.com\\\/index.php\\\/services\\\/\",\"url\":\"https:\\\/\\\/miorakle.com\\\/index.php\\\/services\\\/\",\"name\":\"Oracolo - miOrakle\",\"isPartOf\":{\"@id\":\"https:\\\/\\\/miorakle.com\\\/#website\"},\"primaryImageOfPage\":{\"@id\":\"https:\\\/\\\/miorakle.com\\\/index.php\\\/services\\\/#primaryimage\"},\"image\":{\"@id\":\"https:\\\/\\\/miorakle.com\\\/index.php\\\/services\\\/#primaryimage\"},\"thumbnailUrl\":\"https:\\\/\\\/miorakle.com\\\/wp-content\\\/uploads\\\/2025\\\/08\\\/5836677787681933217.jpg\",\"datePublished\":\"2016-12-03T15:44:41+00:00\",\"dateModified\":\"2026-02-08T23:03:15+00:00\",\"breadcrumb\":{\"@id\":\"https:\\\/\\\/miorakle.com\\\/index.php\\\/services\\\/#breadcrumb\"},\"inLanguage\":\"it-IT\",\"potentialAction\":[{\"@type\":\"ReadAction\",\"target\":[\"https:\\\/\\\/miorakle.com\\\/index.php\\\/services\\\/\"]}]},{\"@type\":\"ImageObject\",\"inLanguage\":\"it-IT\",\"@id\":\"https:\\\/\\\/miorakle.com\\\/index.php\\\/services\\\/#primaryimage\",\"url\":\"https:\\\/\\\/miorakle.com\\\/wp-content\\\/uploads\\\/2025\\\/08\\\/5836677787681933217.jpg\",\"contentUrl\":\"https:\\\/\\\/miorakle.com\\\/wp-content\\\/uploads\\\/2025\\\/08\\\/5836677787681933217.jpg\",\"width\":960,\"height\":1280},{\"@type\":\"BreadcrumbList\",\"@id\":\"https:\\\/\\\/miorakle.com\\\/index.php\\\/services\\\/#breadcrumb\",\"itemListElement\":[{\"@type\":\"ListItem\",\"position\":1,\"name\":\"Home\",\"item\":\"https:\\\/\\\/miorakle.com\\\/\"},{\"@type\":\"ListItem\",\"position\":2,\"name\":\"Oracolo\"}]},{\"@type\":\"WebSite\",\"@id\":\"https:\\\/\\\/miorakle.com\\\/#website\",\"url\":\"https:\\\/\\\/miorakle.com\\\/\",\"name\":\"miOrakle\",\"description\":\"\",\"publisher\":{\"@id\":\"https:\\\/\\\/miorakle.com\\\/#\\\/schema\\\/person\\\/768599cca72702b98588f8761dff682c\"},\"potentialAction\":[{\"@type\":\"SearchAction\",\"target\":{\"@type\":\"EntryPoint\",\"urlTemplate\":\"https:\\\/\\\/miorakle.com\\\/?s={search_term_string}\"},\"query-input\":{\"@type\":\"PropertyValueSpecification\",\"valueRequired\":true,\"valueName\":\"search_term_string\"}}],\"inLanguage\":\"it-IT\"},{\"@type\":[\"Person\",\"Organization\"],\"@id\":\"https:\\\/\\\/miorakle.com\\\/#\\\/schema\\\/person\\\/768599cca72702b98588f8761dff682c\",\"name\":\"miOrakle\",\"image\":{\"@type\":\"ImageObject\",\"inLanguage\":\"it-IT\",\"@id\":\"https:\\\/\\\/miorakle.com\\\/wp-content\\\/uploads\\\/2025\\\/02\\\/edac43fa-97af-4b05-b673-af63a6cc9adf.png\",\"url\":\"https:\\\/\\\/miorakle.com\\\/wp-content\\\/uploads\\\/2025\\\/02\\\/edac43fa-97af-4b05-b673-af63a6cc9adf.png\",\"contentUrl\":\"https:\\\/\\\/miorakle.com\\\/wp-content\\\/uploads\\\/2025\\\/02\\\/edac43fa-97af-4b05-b673-af63a6cc9adf.png\",\"width\":150,\"height\":150,\"caption\":\"miOrakle\"},\"logo\":{\"@id\":\"https:\\\/\\\/miorakle.com\\\/wp-content\\\/uploads\\\/2025\\\/02\\\/edac43fa-97af-4b05-b673-af63a6cc9adf.png\"},\"sameAs\":[\"https:\\\/\\\/miorakle.com\",\"https:\\\/\\\/www.instagram.com\\\/miorakle\\\/\"]}]}<\/script>\n<!-- \/ Yoast SEO plugin. -->","yoast_head_json":{"title":"Oracolo - miOrakle","robots":{"index":"index","follow":"follow","max-snippet":"max-snippet:-1","max-image-preview":"max-image-preview:large","max-video-preview":"max-video-preview:-1"},"canonical":"https:\/\/miorakle.com\/index.php\/services\/","og_locale":"it_IT","og_type":"article","og_title":"Oracolo - miOrakle","og_description":"Esperienza individuale Lettura domanda singola Cos&#8217;\u00e8 l&#8217;Oracolo L\u2019oracolo che utilizzo \u00e8 un strumento unico e personale, nato dall\u2019incontro tra simboli, energie e intuizioni. Ogni elemento porta con s\u00e9 un significato profondo, capace di dialogare con la tua energia e con ci\u00f2 che stai vivendo. Il sacchetto-oracolo che utilizzo \u00e8 una creazione personale: frutto della mia &hellip; Leggi tutto \"Oracolo\"","og_url":"https:\/\/miorakle.com\/index.php\/services\/","og_site_name":"miOrakle","article_modified_time":"2026-02-08T23:03:15+00:00","og_image":[{"width":960,"height":1280,"url":"https:\/\/miorakle.com\/wp-content\/uploads\/2025\/08\/5836677787681933217.jpg","type":"image\/jpeg"}],"twitter_card":"summary_large_image","twitter_misc":{"Tempo di lettura stimato":"3 minuti"},"schema":{"@context":"https:\/\/schema.org","@graph":[{"@type":"WebPage","@id":"https:\/\/miorakle.com\/index.php\/services\/","url":"https:\/\/miorakle.com\/index.php\/services\/","name":"Oracolo - miOrakle","isPartOf":{"@id":"https:\/\/miorakle.com\/#website"},"primaryImageOfPage":{"@id":"https:\/\/miorakle.com\/index.php\/services\/#primaryimage"},"image":{"@id":"https:\/\/miorakle.com\/index.php\/services\/#primaryimage"},"thumbnailUrl":"https:\/\/miorakle.com\/wp-content\/uploads\/2025\/08\/5836677787681933217.jpg","datePublished":"2016-12-03T15:44:41+00:00","dateModified":"2026-02-08T23:03:15+00:00","breadcrumb":{"@id":"https:\/\/miorakle.com\/index.php\/services\/#breadcrumb"},"inLanguage":"it-IT","potentialAction":[{"@type":"ReadAction","target":["https:\/\/miorakle.com\/index.php\/services\/"]}]},{"@type":"ImageObject","inLanguage":"it-IT","@id":"https:\/\/miorakle.com\/index.php\/services\/#primaryimage","url":"https:\/\/miorakle.com\/wp-content\/uploads\/2025\/08\/5836677787681933217.jpg","contentUrl":"https:\/\/miorakle.com\/wp-content\/uploads\/2025\/08\/5836677787681933217.jpg","width":960,"height":1280},{"@type":"BreadcrumbList","@id":"https:\/\/miorakle.com\/index.php\/services\/#breadcrumb","itemListElement":[{"@type":"ListItem","position":1,"name":"Home","item":"https:\/\/miorakle.com\/"},{"@type":"ListItem","position":2,"name":"Oracolo"}]},{"@type":"WebSite","@id":"https:\/\/miorakle.com\/#website","url":"https:\/\/miorakle.com\/","name":"miOrakle","description":"","publisher":{"@id":"https:\/\/miorakle.com\/#\/schema\/person\/768599cca72702b98588f8761dff682c"},"potentialAction":[{"@type":"SearchAction","target":{"@type":"EntryPoint","urlTemplate":"https:\/\/miorakle.com\/?s={search_term_string}"},"query-input":{"@type":"PropertyValueSpecification","valueRequired":true,"valueName":"search_term_string"}}],"inLanguage":"it-IT"},{"@type":["Person","Organization"],"@id":"https:\/\/miorakle.com\/#\/schema\/person\/768599cca72702b98588f8761dff682c","name":"miOrakle","image":{"@type":"ImageObject","inLanguage":"it-IT","@id":"https:\/\/miorakle.com\/wp-content\/uploads\/2025\/02\/edac43fa-97af-4b05-b673-af63a6cc9adf.png","url":"https:\/\/miorakle.com\/wp-content\/uploads\/2025\/02\/edac43fa-97af-4b05-b673-af63a6cc9adf.png","contentUrl":"https:\/\/miorakle.com\/wp-content\/uploads\/2025\/02\/edac43fa-97af-4b05-b673-af63a6cc9adf.png","width":150,"height":150,"caption":"miOrakle"},"logo":{"@id":"https:\/\/miorakle.com\/wp-content\/uploads\/2025\/02\/edac43fa-97af-4b05-b673-af63a6cc9adf.png"},"sameAs":["https:\/\/miorakle.com","https:\/\/www.instagram.com\/miorakle\/"]}]}},"featured_media_urls":[],"_links":{"self":[{"href":"https:\/\/miorakle.com\/index.php\/wp-json\/wp\/v2\/pages\/5574","targetHints":{"allow":["GET"]}}],"collection":[{"href":"https:\/\/miorakle.com\/index.php\/wp-json\/wp\/v2\/pages"}],"about":[{"href":"https:\/\/miorakle.com\/index.php\/wp-json\/wp\/v2\/types\/page"}],"author":[{"embeddable":true,"href":"https:\/\/miorakle.com\/index.php\/wp-json\/wp\/v2\/users\/1"}],"replies":[{"embeddable":true,"href":"https:\/\/miorakle.com\/index.php\/wp-json\/wp\/v2\/comments?post=5574"}],"version-history":[{"count":7,"href":"https:\/\/miorakle.com\/index.php\/wp-json\/wp\/v2\/pages\/5574\/revisions"}],"predecessor-version":[{"id":7506,"href":"https:\/\/miorakle.com\/index.php\/wp-json\/wp\/v2\/pages\/5574\/revisions\/7506"}],"wp:attachment":[{"href":"https:\/\/miorakle.com\/index.php\/wp-json\/wp\/v2\/media?parent=5574"}],"curies":[{"name":"wp","href":"https:\/\/api.w.org\/{rel}","templated":true}]}}